6?
2073
In base 14, what is 5 + -69?
-64
In base 11, what is -67 + -5?
-71
In base 13, what is 4 - 3a8?
-3a4
In base 15, what is -2b + -50?
-7b
In base 6, what is -5 - -215?
210
In base 16, what is 55 - -5?
5a
In base 3, what is -1110011 - -1?
-1110010
In base 8, what is -16 - -20?
2
In base 5, what is 24334 + -3?
24331
In base 11, what is -a1 + 34?
-68
In base 2, what is 1100 + -11?
1001
In base 12, what is 114 + -3?
111
In base 4, what is 12313 + 10?
12323
In base 9, what is -2288 - 3?
-2302
In base 16, what is 5 + 62?
67
In base 13, what is -12 - -64?
52
In base 7, what is 143 + 136?
312
In base 11, what is -72 - 1?
-73
In base 15, what is -2457 + -5?
-245c
In base 8, what is -324 + -147?
-473
In base 12, what is 4 - 1405?
-1401
In base 12, what is 11 + -20?
-b
In base 5, what is -2304 - 13?
-2322
In base 15, what is 2 - -11b?
11d
In base 15, what is -1c - 104?
-121
In base 7, what is -146 - 4?
-153
In base 2, what is 0 - 10011010011?
-10011010011
In base 16, what is 5 - -1f?
24
In base 13, what is 21 - 17?
7
In base 11, what is 9 - -16?
24
In base 3, what is 100 - -100200?
101000
In base 16, what is 2 + c98?
c9a
In base 16, what is -95 - -6?
-8f
In base 6, what is 204014 + 5?
204023
In base 14, what is 92 - 16?
7a
In base 15, what is -91 + -5?
-96
In base 16, what is -e7 + 5?
-e2
In base 11, what is -44 - 5?
-49
In base 8, what is 0 - -1514?
1514
In base 4, what is 22 - -30202?
30230
In base 3, what is 11111 - 0?
11111
In base 2, what is 100 - -1010000100?
1010001000
In base 12, what is 61a + -9?
611
In base 7, what is 12432 - 1?
12431
In base 6, what is -15124 + -4?
-15132
In base 13, what is 4 - 25a?
-256
In base 13, what is 10026 + 5?
1002b
In base 15, what is 25 - 0?
25
In base 11, what is -953 + -5?
-958
In base 2, what is -11101 - -11?
-11010
In base 10, what is 755 - 0?
755
In base 11, what is 3a40 - -1?
3a41
In base 6, what is -4 + -20?
-24
In base 6, what is -11 + 203?
152
In base 9, what is -13 + 184?
171
In base 11, what is 16 + -4?
12
In base 15, what is 2 + -1b1?
-1ae
In base 10, what is 116 + -33?
83
In base 8, what is 2 - -65?
67
In base 12, what is 5a4 - -3?
5a7
In base 9, what is -26 + -14?
-41
In base 13, what is -a - 2a2?
-2ac
In base 13, what is -2074 + -2?
-2076
In base 4, what is 11321 + -3?
11312
In base 9, what is -81 - 0?
-81
In base 4, what is 2 + 323?
331
In base 8, what is -2 - -2371?
2367
In base 9, what is -2217 - -3?
-2214
In base 7, what is 4 + -11204?
-11200
In base 13, what is 2 + 1408?
140a
In base 11, what is 25 + -108?
-93
In base 16, what is 1b + -17?
4
In base 9, what is -513 - -2?
-511
In base 2, what is 111011011 - -10?
111011101
In base 11, what is -1 - 43?
-44
In base 12, what is -47 + 20?
-27
In base 11, what is -3 - 9?
-11
In base 12, what is -91b + 5?
-916
In base 13, what is -10 + 1?
-c
In base 16, what is 1cbc + 1?
1cbd
In base 11, what is 20 + 193?
203
In base 14, what is -1 + 40?
3d
In base 6, what is 3255 + 5?
3304
In base 12, what is -a - 6?
-14
In base 14, what is 0 + -20c?
-20c
In base 16, what is -22 - 148?
-16a
In base 9, what is 6 - 14?
-7
In base 8, what is 511 - 3?
506
In base 5, what is 432 + 3?
440
In base 16, what is -5 + -75?
-7a
In base 10, what is 4 + 153?
157
In base 11, what is -41 + 68?
27
In base 16, what is -5 + -91?
-96
In base 10, what is 5 + -233?
-228
In base 14, what is -1253 + 0?
-1253
In base 10, what is -2 - -60?
58
In base 12, what is 92 - -4?
96
In base 8, what is -1572 + -2?
-1574
In base 2, what is -11 - 11001111?
-11010010
In base 8, what is -35 + -14?
-51
In base 9, what is 0 - 1783?
-1783
In base 14, what is 96 - 1?
95
In base 15, what is 3 - 1e?
-1b
In base 12, what is 4306 - 4?
4302
In base 7, what is -3 + -46?
-52
In base 15, what is 5 + -289?
-284
In base 13, what is 1b - 17?
4
In base 15, what is 2a - -4?
2e
In base 9, what is 2 - 7?
-5
In base 16, what is 8 - -1eb?
1f3
In base 8, what is -74 + -2?
-76
In base 2, what is -11010100101100 - 1?
-11010100101101
In base 3, what is -10221 - 11110?
-22101
In base 10, what is 397 - 0?
397
In base 13, what is 5 + -82?
-7a
In base 7, what is 2 + -50?
-45
In base 16, what is -1 - 31?
-32
In base 8, what is 5 - 23?
-16
In base 13, what is 19ab - -5?
19b3
In base 12, what is 3 + 105?
108
In base 12, what is -a - -2?
-8
In base 10, what is 903 - 3?
900
In base 15, what is -8a0 - -4?
-89b
In base 15, what is 5a - 2?
58
In base 2, what is -101010 + -100101101?
-101010111
In base 15, what is 8 + -13eb?
-13e3
In base 7, what is -336 + -52?
-421
In base 5, what is 212 - -10?
222
In base 10, what is 20538 + 2?
20540
In base 9, what is 3 - 107?
-104
In base 5, what is 3 + -201?
-143
In base 8, what is -1 - 21?
-22
In base 4, what is 1012 + -13?
333
In base 7, what is -25 + 524?
466
In base 3, what is 12201210 + 0?
12201210
In base 6, what is -11111 - -2?
-11105
In base 13, what is 12 - -2?
14
In base 6, what is -25 + 4?
-21
In base 2, what is -10111011110 + -101?
-10111100011
In base 6, what is 0 - -152?
152
In base 16, what is 419 + -3?
416
In base 6, what is 20520 + 3?
20523
In base 13, what is -60 - -c?
-51
In base 11, what is a5 + 5?
aa
In base 2, what is 101 + 110010001?
110010110
In base 2, what is -11 + -1010011?
-1010110
In base 11, what is 53 + -2?
51
In base 9, what is -50 + -65?
-125
In base 14, what is 55 - -96?
10b
In base 6, what is -45 + 253?
204
In base 4, what is 1221 + -10230?
-3003
In base 14, what is 4a - -2?
4c
In base 3, what is -1112120 + -12?
-1112202
In base 13, what is -c + 18?
9
In base 12, what is 4 + 99?
a1
In base 10, what is 5 - 56?
-51
In base 10, what is -4 + 53?
49
In base 10, what is 1 - -358?
359
In base 14, what is 5 - 1b9?
-1b4
In base 12, what is 5 + 198?
1a1
In base 10, what is -183 + -5?
-188
In base 10, what is 24191 - -2?
24193
In base 9, what is -70 + 5?
-64
In base 15, what is -8 + -ca?
-d3
In base 13, what is 167 + 3?
16a
In base 8, what is -15 - 1100?
-1115
In base 12, what is -271 + -1?
-272
In base 3, what is 100 - 1000?
-200
In base 14, what is 2 + -150?
-14c
In base 11, what is 5 - -2062?
2067
In base 6, what is -1423 + 3?
-1420
In base 12, what is -5 - a?
-13
In base 11, what is -203a5 + -1?
-203a6
In base 13, what is -97 - -59?
-3b
In base 9, what is -5 - 450?
-455
In base 5, what is -103232 - -2?
-103230
In base 2, what is -100010110 + 10?
-100010100
In base 6, what is 4 + 104?
112
In base 9, what is 11621 + -3?
11617
In base 12, what is 44b - -9?
458
In base 9, what is 7606 + 5?
7612
In base 12, what is 172 - 7?
167
In base 14, what is -2d + 57?
28
In base 15, what is 25d + 12?
270
In base 12, what is 1a5 + 2?
1a7
In base 8, what is -2 + 3236?
3234
In base 4, what is -11 + 321102?
321031
In base 10, what is 8 - 60?
-52
In base 15, what is -c - 6b?
-78
In base 12, what is -134 - 3?
-137
In base 14, what is -48 - -3?
-45
In base 5, what is 20324 + -4?
20320
In base 2, what is 100 + 1100110000?
1100110100
In base 5, what is 4 + -34224?
-34220
In base 14, what is 4 + -148?
-144
In base 9, what is -11 - 55?
-66
In base 9, what is 52 + -5?
46
In base 14, what is 31 - 3?
2c
In base 13, what is -3 - 98?
-9b
In base 2, what is -1 - 10111000?
-10111001
In base 14, what is 110b - 0?
110b
In base 14, what is 11 + -50?
-3d
In base 16, what is 4 + -35c?
-358
In base 7, what is -10 + 1200?
1160
In base 4, what is -2 + 1333?
1331
In base 6, what is -5444 + -5?
-5453
In base 3, what is -10012 - -102020?
22001
In base 15, what is -5d - -5?
-58
In base 11, what is 1 - 0?
1
In base 10, what is -3 + 651?
648
In base 16, what is -59 - 7?
-60
In base 9, what is 12 - -60?
72
In base 10, what is 1 - -387?
388
In base 8, what is -15 + 275?
260
In base 11, what is 12 - 755?
-743
In base 9, what is 3 + -533?
-530
In base 9, what is -8 - 8?
-17
In base 10, what is 11 + 11?
22
In base 5, what is 21 - 124?
-103
In base 15, what is -1 - 9?
-a
In base 3, what is -1 - 12110?
-12111
In base 9, what is 1 - -538?
540
In base 3, what is 111121020 + -12?
111121001
In base 14, what is -9d + 4?
-99
In base 10, what is 156 + 2?
158
In base 6, what is 2 + -101004?
-101002
In base 8, what is 11445 - 0?
11445
In base 16, what is -1f - 1?
-20
In base 15, what is 1 - 32?
-31
In base 11, what is 1660 - 4?
1657
In base 11, what is 7553 + 5?
7558
In base 8, what is 133 - 5?
126
In base 16, what is 2 - 1096?
-109